- (10 - 3))
-7
What is the value of 1 + -1 - (-17 + 0 + 22)?
-5
Calculate (197 - 184) + (1 + -3 - -1).
12
What is the value of 14 + 12 + (-13 - (-11 + 11))?
13
0 - (-49 - (-2 + -20))
27
What is (-13 - 12) + 19 + 1 + 4 + 6?
5
Calculate (39 - 77) + 12 - 3.
-29
What is the value of 3 + (-47 - -4) - (96 - 112)?
-24
What is (47 - 44) + 5 + -6 + -2?
0
What is the value of 46 + (-31 + 66 - 54)?
27
Evaluate (-10 - 3 - -12) + 0 + 13 + -1.
11
What is the value of 26 + ((-4 + -1 - 2) + -7 - -8)?
20
Calculate 465 + -446 - (2 + 32).
-15
Evaluate -11 - (6 + (-5 - 0)).
-12
-1 + (0 + -6 - -4) + 21 + -9
9
Calculate 6 + 15 + -11 - (-1 + -3 + 6).
8
What is the value of 21 + (-47 - -6) - -13?
-7
Calculate (-7 + 5 - -4) + (-104 - -84).
-18
What is the value of (0 - 1) + (0 - (-3 + -7)) + 2?
11
(1 + 21 - 3) + 3
22
(22 - 84) + 45 - -22
5
Evaluate -22 - (9 - 21) - -7.
-3
-4 + -11 + 6 + -4 - (-6 + 1)
-8
Evaluate (2 - (-2 - 0)) + -368 + 355.
-9
Evaluate -3 + (-4 - 1 - -14) + -5 - 11.
-10
Calculate 5 - (8 - -9 - (2 - -1)).
-9
(21 - 1) + (-362 - -362)
20
-11 - (-19 + 4) - -11
15
(-1 - 13) + -34 + -31 + 81
2
-12 + (-17 - (7 + -15 + 1))
-22
(9 - 7 - 6) + 8 - 5
-1
What is 13 - ((7 - (-11 - (-20 + 11))) + -19)?
23
What is the value of -75 + 60 + -1 + 6 + (-4 - 0)?
-14
What is 0 - (2 + -2 + (-1 - 2 - -9))?
-6
What is the value of -8 - ((24 - 17) + 3 + -12 + 5)?
-11
Evaluate -1 - (9 + (-12 - (-17 + 9))).
-6
-40 + (61 - (-5 - -16))
10
Calculate 0 - (-14 - -4) - (10 + -4).
4
Evaluate 41 + 37 + -62 + 4 + 0.
20
(-3 - -5) + -8 + (-13 - -1) - 5
-23
Calculate 0 + -4 - 2 - (-23 + -4 + 38).
-17
7 - (-14 + -2 + 12 + 15)
-4
Evaluate 18 + -12 + -12 + 3 + 7.
4
Calculate (-2 - -43 - 21) + -20.
0
What is 26 - (-1 - 4) - (51 - 42)?
22
Evaluate 8 + 5 + (-2 - -1) + -11.
1
Calculate -5 - (3 + -2 - (7 + 6 + -6)).
1
What is 3 + -1 + -2 + 7 + -13?
-6
What is the value of 13 + (12 - -6) + -1 - -6?
36
Calculate 9 - (-11 - (-2 - 10)) - -13.
21
Evaluate -3 + (-23 - -43 - (32 + 3)).
-18
Calculate 17 + 16 + 2 + -27 - 6.
2
Calculate (8 - (-3 + 5)) + 1 + -19.
-12
What is 1 - ((0 - -5) + (-45 - -40) + 5)?
-4
(2 + -1 - ((0 - 3) + 15)) + 3
-8
What is the value of -15 + -37 + 81 + 3?
32
What is the value of 0 - (10 + 6 + -2)?
-14
-7 + 1 + 17 - 14
-3
21 + -12 + (4 - (10 + -6))
9
What is 17 - (23 + -23 + 9)?
8
Evaluate -19 + (-1 - (-1 - -1)).
-20
-25 - ((-24 - 10) + 37)
-28
What is the value of (20 - 9) + (-5 - 3)?
3
Evaluate (-90 - -3) + 99 + 1 + 26.
39
What is 24 + (5 - (10 + -1 + -12 + 1))?
31
(3 - 3) + 2 + (1098 - 1117)
-17
(3 - 12) + -2 + 1 - (654 - 638)
-26
Evaluate -22 + (34 - 1) + 0.
11
What is -2 + -4 + 13 + -20 + -2?
-15
What is -1 - ((3 - (-8 + 14)) + 0)?
2
Calculate 9 - 5 - 8 - (-20 - 0).
16
Evaluate (23 - 21) + -21 + 3.
-16
Evaluate 45 - 37 - (-3 + 5).
6
Evaluate 1 + (9 - 14) + -11 + 29.
14
0 + 1 - (5 + -2) - (37 + -45)
6
Evaluate -19 + (8 - (14 + -16)).
-9
Calculate -23 + 45 - (2 - 1 - -5).
16
What is 6 - 7 - (-17 - (-15 - -8))?
9
What is -4 - (-18 - (-6 - -3))?
11
What is (-1 - (-5 - -5)) + -2 - (-15 + -2)?
14
Calculate -3 - (-8 + (19 - 8)).
-6
What is the value of -15 - -18 - (-5 - (12 + -20))?
0
Evaluate (-10 - -15) + 22 + -19.
8
Calculate 0 - (-1 - 1) - (3 - (-6 - -6)).
-1
Evaluate 0 + -16 + 3 - (17 - 5 - 8).
-17
Calculate -7 + 2 + 9 - 6 - 3.
-5
Evaluate -5 - (-8 + 45 + -31).
-11
Calculate 10 + (7 - (13 - 1) - (3 + -3)).
5
Calculate (13 - 13) + 1 + -18 + (-7 - -1).
-23
Evaluate (-665 - -657) + (29 - 0) + -3.
18
Calculate 24 + (141 - 126) + (0 - 35).
4
Calculate (-3 - (-13 + (-1 - -5))) + -3.
3
Calculate 10 + -2 + 0 + 0 - (-127 + 125).
10
What is the value of 35 + 21 + -20 + -19?
17
Calculate -6 + 2 - (-17 + (2 - -5) + 33).
-27
What is the value of (1 - 10) + 0 + (26 - (-10 + 27))?
0
(1 - (0 + -1)) + 20 + -7 + -10
5
(-1 - -3) + 165 + -185
-18
What is -1 - -22 - (1088 - 1098)?
31
-21 + 12 + 17 + -12
-4
Calculate -10 - (3 + -5 + 6 + (0 - 3)).
-11
Evaluate -1 - 4 - -5 - 7 - (1 + -12).
4
Evaluate 3 + -7 + -3 + (22 - (-2 + 8)).
9
What is the value of 8 + -11 + (9 - 4) + 6 + -8?
0
Calculate (-13 - -3 - (32 - 24)) + 13.
-5
Calculate -1 - -1 - (4 + 2 + -10).
4
Evaluate 24 + 2 + (9 - 14) + -13.
8
19 - (-1 + 1 + 36 + -31) - 4
10
9 + -9 + -2 - (17 + -1 - 5)
-13
Calculate -3 - (6 - (3 + -6) - 8) - -22.
18
Evaluate -2 - (25 + -30 + 0 + 12).
-9
What is (3 - -1) + (5 - (-2 - -6)) + -6?
-1
Evaluate 8 - (-1 + 5) - -5.
9
What is the value of 4 + -3 + 8 + (-97 - -103)?
15
Calculate -1 - 2 - (-85 + 74).
8
(42 - (2 - -36)) + (-1 - 2)
1
Calculate (0 + -4 + 6 - -2) + -4 + -1.
-1
What is the value of -6 + (-1 + -4 - -16) - 9?
-4
What is the value of 3 + (-13 - -10) + (4 - 15)?
-11
Evaluate (-7 - (-26 - -26)) + -2 + 2 + 0.
-7
What is -6 - (-16 + -2 + 16)?
-4
What is the value of -8 + (28 - 11 - 16)?
-7
Evaluate 3 + (24 - 15 - -5).
17
3 + 2 - (-6 + (30 - 31))
12
What is the value of 45 - 17 - 55 - (2 - 10)?
-19
Calculate (-8 - (-31 + 39)) + 6 + 1.
-9
What is ((-4 - -10) + -3 - (12 - 9)) + -4?
-4
Calculate 13 + -13 + 2 - 3.
-1
What is the value of -4 + 35 - (1 - (-15 - -7))?
22
Evaluate -7 + -5 + 7 + 7 + 1 + -21.
-18
Evaluate 15 + -38 - (-5 - -14).
-32
What is -3 - -2 - (-1 + 27 + (29 - 39))?
-17
What is 25 + (10 - 6) + -4 + -13?
12
What is 4 + (4 - ((9 - 5) + -1))?
5
What is the value of -6 + (5 - 7 - 6) + 18 - 0?
4
Evaluate (-8 - (2 + -2) - -13) + -9 + 28.
24
What is the value of -5 + (3 + -23 - -9)?
-16
What is -4 + 10 + (-20 - 1 - -16)?
1
Evaluate -12 - (-5 - -10) - -2 - (6 - 1).
-20
Evaluate 69 + (-20 - 9) - 22.
18
What is -2 + -24 - (1231 - 1248)?
-9
What is (-61 - -61) + 0 + 8 - 5?
3
What is the value of 2 + -1 + -1 + 3 + 0 + 1?
4
What is the value of 9 + 14 - (-17 - -45)?
-5
Calculate -711 - -677 - (-14 + -1).
-19
Evaluate 27 - 1 - (-1448 + 1445).
29
Evaluate -44 - -31 - (2 + -4).
-11
Calculate -1 + 0 + 14 - (-42 - -69).
-14
What is 5 - (0 + -11 - -1)?
15
What is the value of (-26 - -31 - -22) + -16?
11
Evaluate -5 - (0 - -1) - (5 + -10).
-1
Calculate -18 + 1 + -10 + (77 - 64).
-14
What is 6 + 0 - (-7 - (-3 - 6))?
4
What is the value of (-18 - -36) + -12 + 2 + 0 + 4?
12
Calculate (7 - (-4 + 4)) + 151 + -143.
15
What is the value of 4 + (-1 - (-9 + (3 - -4) + 6))?
-1
Evaluate 7 - -2 - (-3 - -2) - -5.
15
What is 10 + (8 - 6) + -8 + -13?
-9
(-4 - 1) + (1 - (-9 + 7)) + 5
3
(18 - 30) + -6 + 16 + 9
7
Evaluate -41 - -29 - (9 + (-9 - 5)).
-7
What is the value of 20 + -40 + (-12 - -49)?
17
-10 - (1 + 9 + -7)
-13
What is -46 + 25 + 33 - -3?
15
What is (1 - (-10 - (-16 - (8 - 9)))) + -1?
-5
What is the value of (19 - 20 - 3) + -15?
-19
What is 21 + 4 + -39 + (1 - (-8 - -2))?
-7
Evaluate 5 + 2 - ((-24 - -3) + 25).
3
Calculate 4 + (1 - 1) + (-2 - 1) - 2.
-1
Evaluate 14 + (-5 - (-1 - -5 - 5)) - 0.
10
What is the value of (5 - -8) + -1 + -10 - -4?
6
(-29 - (11 - 27)) + 10
-3
Evaluate -3 - (86 + -90 + 3 + 1 - 5).
2
-1 + (24 - 1 - (6 + 9 + -11))
18
-16 - (-14 - -12 - -14 - 14)
-14
Calculate 13 - 3 - (16 + -9 - -1 - 28).
30
Evaluate -147 + 152 + 0 + 23 + -2 + -7.
19
Calculate 9 - (-18 + 11 - (-22 - -1)).
-5
5 - (-5 - -12) - (-20 + -1 + 9)
10
What is the value of 725 - 735 - (-1 + (-6 - 1))?
-2
Calculate (0 - (-2 + 8)) + -114 + 141.
21
Calculate -6 + (12 - (-1 + 5)) - (-5 - -24).
-17
95 + -24 + -43 + (-8 - 0 - 1)
19
Evaluate (52 - (-70 + 141)) + (-1 - -11).
-9
Calculate -9 - -2 - (-7 - -9) - -29.
20
What is the value of -2 - ((15 - -5) + -46)?
24
Calculate 57 + -67 + 2 + 2 + 0.
-6
5 + -21 + 12 + 0 + -18
-22
What is 24 + 12 + -49 + 6?
-7
Calculate -1 + 3 + (-191 - -167).
-22
Calculate 2 + (4 - 0) - (66 + -68).
8
What is the value of (11 + -4 - ((-4 - -1) + 5)) + 7?
12
15 + (17 - (16 + -5 + -6))
27
What is the value of 1 - -1 - (-18 - -17) - 9?
-6
Evaluate -3 + (1 - -5 - (2 - -7)).
-6
0 - -18 - (-21 + 28)
11
What is the value of -8 - -8 - 8 - -4 - 10?
-14
(-7 - 16) + 8 - -9
-6
What is the value of -10856 + 10853 - (28 + (2 - (1 + -1)))?
-33
(26 - (28 - 2)) + (-1 - -5)
4
-2 + 1 + 183 + -192 - 20
-30
Calculate (-26 - -23) + -25 + 17.
-11
What is the value of (-14 - 2) + 4 - (-11 + -12)?
11
What is 16 + -13 - (0 - -10)?
-7
Evaluate -7 + -4 + 3 - (-137 + 122).
7
What is -32 + (1 + 9 - (-60 - -69) - -7)?
-24
Calculate -3 - -12 - 1 - (43 + 19 + -42).
-12
What is the value of 13 + (-3 - -1) + (1 - 2) + 2?
12
Evaluate -1 + (-8 - (9 + -9)